+ 21*n + 14. Let f(s) = -4*s**2 - 11*s - 7. Let m(b) = 5*f(b) + 3*u(b). Give m(-5).
-8
Let d(a) = -3*a - 7. Let g(z) = -1. Let w(o) = o**2 + 3*o - 1. Let k be w(-3). Let f(c) = k*d(c) + 4*g(c). Determine f(-3).
-6
Let w(q) = -q**2 + 1. Let r(t) = -t - 6. Let n be r(-8). Give w(n).
-3
Let v = 8 - 5. Suppose -k - v = -8. Suppose 2*j - x = -3*j + 8, k*j = -3*x + 16. Let o(s) = -s**3 - s**2 + 3*s - 1. Give o(j).
-7
Let m(z) be the first derivative of 2/3*z**3 - 3*z - 7 + 3/2*z**2. Determine m(2).
11
Let g(s) be the first derivative of -s**4/4 + 5*s**3/3 + 4*s**2 - 3*s - 16. Give g(6).
9
Suppose -5*u = -2*u. Let x(r) = -r - r - 5 + u*r. Suppose 2*z + 2 = -n - 10, 2*z - 8 = 4*n. What is x(n)?
3
Let v be (-3)/6 - (5/(-2) + 3). Let n(a) = -1 - 2*a + a**3 - 4*a**2 + 2*a**2 - 2*a**3. What is n(v)?
0
Let t(w) be the second derivative of 1/6*w**3 + 0 + w - w**2. What is t(4)?
2
Let o be 24/15 + (-4)/(-10). Let y(j) = 4*j - 2 + 2*j - o - 4*j. What is y(3)?
2
Let k(s) = -7*s + 1. Let u(g) = -g**2 + 8*g - 6. Let j be u(7). Determine k(j).
-6
Let m(c) = -c**3 + 9*c**2 + c - 7. Let g be m(9). Let k(w) = 2*w**2 + w - 2. Let s be k(g). Let v(o) = -s*o**2 + 6*o**2 - 5*o + 2*o + 4 + o**3. Determine v(3).
4
Let v = 4 - -2. Let x(a) = a - 1. Determine x(v).
5
Suppose 6*u + 3 = 3*u. Let j be 2 - 4 - (u - 1). Let y(p) = j*p - 1 + 2 + p**3 - p. Calculate y(1).
1
Let v be ((-15)/6)/((-2)/4). Let c(a) = v - 3*a**2 - 4 - 3*a**2. What is c(-1)?
-5
Let y(h) = 0 - h + 5*h + 3 - 3*h. Let l = 3 + -8. Give y(l).
-2
Let v(p) = 2*p**2 + 3*p. Suppose i - 3*i = 0. Let d(c) = i*c**2 + 0*c**2 - c**2 - c. Let a(o) = 4*d(o) + v(o). Determine a(1).
-3
Let b(p) be the third derivative of -1/24*p**4 + 0*p**3 + 0 - 6*p**2 + 0*p. Give b(1).
-1
Let s(m) = m**2 - 2*m - 1. Let f(v) = -v**3 - 4*v**2 - 3*v + 1. Let p be f(-3). Let d be -1 + (-2)/(3 - p). Determine s(d).
7
Let d be 2/6 - 51/(-9). Suppose 20 = -2*i + d*i. Let h(l) = l**3 - 6*l**2 + 7*l - 2. Calculate h(i).
8
Let m(o) be the second derivative of o**2 + 3*o + 1/6*o**3 + 0. What is m(3)?
5
Let j(x) = x**3 + 4*x**2 + 3*x + 6. Suppose 0*n - 28 = 4*d + 3*n, -3*d - 28 = 4*n. Calculate j(d).
-6
Let f(b) = -4*b - 4. Let i be f(-2). Suppose i*d = 6*d - 4. Let j(h) = -h**3 + 3*h**2 - 2*h + 3. Calculate j(d).
3
Let l = 4 + -1. Let t(v) be the first derivative of l + 2*v**2 + 3*v**2 + v + 1 - 6*v**2. Give t(5).
-9
Let o(m) = 1 + 11*m**2 - 2 - 8*m**2 - 13*m**3 - m**2. Calculate o(1).
-12
Let o(g) be the first derivative of -g**2/2 - g + 9. Determine o(-2).
1
Let m(p) = -p**3 - 13*p**2 + 14*p. Let i be m(-14). Let s(c) be the second derivative of 2/3*c**3 + 1/2*c**2 + i - c + 1/20*c**5 - 5/12*c**4. Give s(4).
1
Let g = 2 + 0. Suppose -4*p - g*u + 1 = -1, 2*p - 5 = -5*u. Let x(h) = h**2 - h. Let c(y) = y**3 + 3*y**2 - y - 4. Let i(o) = -c(o) + 2*x(o). Calculate i(p).
4
Let u(w) be the third derivative of -w**6/120 - w**5/20 - w**4/8 - w**3/2 - w**2. Let c = -32 + 53. Suppose l = -3*x - 1, 2*x = -2*l - 3*l + c. Determine u(x).
-1
Let c(m) = 2 + 2*m - 4 + 0 - 3*m. Determine c(-5).
3
Let c(a) = -5*a + 40. Let j(h) = -h + 8. Let u(o) = 2*c(o) - 11*j(o). Determine u(7).
-1
Let u(p) = -5. Let v(h) = -h - 11. Let q(n) = 13*u(n) - 6*v(n). Let k(t) = -9*t + 14 + 5*t**3 - 5 - 4*t**3 + 9*t**2. Let a be k(-10). Calculate q(a).
-5
Let x be (-6)/14 - (-495)/77. Let s(f) = 0*f - f + 0*f + 2*f - x. Let i = -4 + 10. Determine s(i).
0
Let s(d) = -d. Let j(m) = 5*m + 7. Let q be j(-3). Calculate s(q).
8
Let j(z) be the second derivative of -z**5/20 - z**4/4 + z**3/3 - 3*z**2/2 + 16*z. Let k be ((-5)/1 - -1) + 0. Calculate j(k).
5
Suppose z - 9 = 3*r, -6*r + 3*r = 2*z + 27. Let p(g) be the first derivative of g**2/2 + 2*g + 16. Determine p(z).
-4
Let c(u) be the third derivative of -5*u**4/12 + 43*u**2. Determine c(1).
-10
Let f(l) be the third derivative of -l**5/60 - 3*l**3/2 + 2*l**2. Let i(b) = -b**3 + 10*b**2 + 12*b - 14. Let s be i(11). Let t be 9/3 - s/(-1). What is f(t)?
-9
Let j(f) be the third derivative of f**4/8 - f**3/2 + 57*f**2. What is j(-4)?
-15
Let f be 10 - (-4)/(-4) - 3. Let a(p) be the second derivative of -p**4/12 + 7*p**3/6 - p**2 + 2*p. Determine a(f).
4
Let p be 20/30*(-18)/4. Let s = p - -5. Let m(d) be the third derivative of d**5/60 - d**4/12 + d**3/6 - 2*d**2. Determine m(s).
1
Let w be 1 + 3 + 2*-4. Let j(h) = h**3 + 4*h**2 - 2*h - 2. Calculate j(w).
6
Let u be 2/(-3)*(-6)/(-4). Let t(p) be the second derivative of -p**3/6 + p. Determine t(u).
1
Let z = 7 + -2. Let s(v) be the third derivative of 0 + 1/60*v**5 - v**2 + 0*v - 1/3*v**3 - 1/6*v**4. Calculate s(z).
3
Let y(f) be the third derivative of -f**6/120 + f**5/20 + f**4/8 - 2*f**3/3 + 23*f**2. Determine y(3).
5
Let r(s) = s**2 + 6*s - 2. Let o be r(-7). Let t = 13 - 11. Let q(b) = 2 + 8*b - 3*b - b**t - 4. Calculate q(o).
-2
Let d(j) = -2*j - 2. Let w be (-2 - 1)/3 - -3. Suppose 3*k = w*k + 3. Determine d(k).
-8
Let f(a) = -12*a + 1. Let u(d) = -d. Let o(n) = f(n) - 5*u(n). Determine o(1).
-6
Let k = 12 + -7. Let f(m) be the second derivative of -m**5/60 + m**4/8 + 7*m**3/6 - m**2/2 - 2*m. Let d(t) be the first derivative of f(t). Give d(k).
-3
Suppose v + 2*r + 3 = 3*r, 2*v - 5*r + 21 = 0. Let t = -22 - -22. Let g(q) = t*q**2 + 40 - 42 - q**2. Give g(v).
-6
Let h(l) = l**2 + 8*l + 2. Let v be h(-8). Let q = v + -1. Let i(y) = 2*y**2 + 2*y - y - 3*y**2. What is i(q)?
0
Let y(u) be the first derivative of -u**3/3 - 3*u**2 + 4. Give y(-5).
5
Let p(y) = -31*y - 2 + 52*y - 28*y + y**3 + 6*y**2. What is p(-7)?
-2
Let k(d) = -2*d**2 + 9*d. Let v(p) = -5*p**2 + 25*p + 7*p + 1 - 6*p. Let l(y) = 8*k(y) - 3*v(y). Determine l(-3).
6
Let x(c) = -c**2 + 2*c + 1. Let b be 6/8 - (-350)/(-40). Let d be ((-3)/(-2))/((-6)/b). Determine x(d).
1
Let y = 6 + -3. Suppose -7*a - 4 = -y*a. Let c(n) = -7*n**2 + n + 1. What is c(a)?
-7
Let r(q) = q**2 + 7*q + 5. Let g be r(-7). Let z(o) = o**3 - 6*o**2 + 3*o - 1. Determine z(g).
-11
Let p(l) = l - 2. Let i = 42 - 47. Suppose v + v - 6 = 0, -3*v + 3 = 3*q. Let t(h) = -2*h + 5. Let x(b) = i*p(b) + q*t(b). Determine x(-1).
1
Let c(a) = -3 - a + 0 + 1. Suppose 3*k - 18 = 5*d + 9, -2*d = k + 2. Calculate c(d).
1
Let l(g) = -4*g**2 - 12*g - 8*g - 1 + 19*g + 9*g**2. Give l(-1).
5
Let s = 6 - 4. Let i(h) = h**2 - h**2 - 3*h + h**2 - s. Suppose -9*a + 12*a - 9 = 0. What is i(a)?
-2
Let s(f) = -3*f**3 + 2*f**2 + 7*f + 1. Let k(v) = v**3 - v**2 - 3*v. Let n(h) = -5*k(h) - 2*s(h). Let i(z) be the first derivative of n(z). Calculate i(-2).
9
Let g(v) be the second derivative of v**4/12 + 3*v**3/2 + 9*v**2/2 + v. Suppose 140 = -10*n + 80. Calculate g(n).
-9
Let u(p) = 4*p - 2. Let f = -3 - 0. Let k(d) = -9*d + 4. Let o(m) = f*k(m) - 7*u(m). Give o(4).
-2
Suppose -3 = 3*l - 4*l. Suppose 2*o = l*f + 6*o + 31, 5*o = 4*f. Let q(i) = -i**2 - 6*i - 4. What is q(f)?
1
Let a(m) = -3*m + 0 + 1 + 1. Suppose -19*b + 12 = -15*b. Determine a(b).
-7
Suppose y = 4*l + 3*y + 24, -2*y + 24 = -4*l. Let n(d) = -d - 8. Determine n(l).
-2
Let y = 22 - 28. Let q(c) = 2*c + 8. Give q(y).
-4
Suppose 2*l + 1 = 5*o, -5*o + 5*l - 9 = -4. Let h(f) = 2*f - 4*f + 10*f. Calculate h(o).
8
Let k = 7 - 8. Let a(f) = -2*f**3. Determine a(k).
2
Let m(u) = 13*u - 12. Let d(k) = 4*k - 4. Let j(p) = 7*d(p) - 2*m(p). Let b be j(3). Let s(w) = -w**2 - w + 1. What is s(b)?
-5
Suppose r - 2*c = -10, -2*r - 4*c = -3*c + 35. Let z = 16 + r. Let s(o) = o. Calculate s(z).
0
Let j be 2 - -2*5/(-2)*1. Let x(d) = -2*d**3 - 3*d**2 + 4*d + 2. Calculate x(j).
17
Let p(a) = -3*a + 5. Let n(h) = -h + 1. Let q(x) = -4*n(x) + p(x). Give q(1).
2
Let v(t) = -t - 1. Let g(a) = a**3 + 4*a**2 + 3*a + 3. Let q be g(-3). Let c be q - ((-96)/(-3))/4. Calculate v(c).
4
Let w(j) = j**2 + 4*j + 2. Suppose -8*c - 26 = -2. Calculate w(c).
-1
Let z(l) be the third derivative of l**4/24 + l**3/3 + 56*l**2. What is z(-3)?
-1
Suppose -2*o + 0*o - 6 = 0. Let r(m) be the third derivative of -m**6/120 - m**5/30 + m**4/6 + m**3/6 + 7*m**2. Give r(o).
-2
Let i(q) = -q. Let t(w) = -7*w + 1. Let k be t(0). Let z(v) = -2*v - 9. Let d(n) = -4*n - 17. Let x(r) = 4*d(r) - 7*z(r). Let p(y) = k*x(y) - 4*i(y). Give p(5).
5
Suppose p = 4*d - 11, -d - 2*p = 2*d. Suppose 0 = 2*s - 6 - d. Let c(q) = -2 + 2*q - 4 + 4. Calculate c(s).
6
Let y(d) = -d**2 + 4.